{"id":240,"date":"2023-05-22T15:28:21","date_gmt":"2023-05-22T15:28:21","guid":{"rendered":"https:\/\/vinhosnocastelo.pt\/site\/?page_id=240"},"modified":"2025-05-07T16:50:51","modified_gmt":"2025-05-07T16:50:51","slug":"workshops","status":"publish","type":"page","link":"http:\/\/vinhosnocastelo.pt\/site\/index.php\/workshops\/","title":{"rendered":"Workshops"},"content":{"rendered":"<p>[et_pb_section fb_built=&#8221;1&#8243; admin_label=&#8221;Header&#8221; _builder_version=&#8221;4.27.4&#8243; _module_preset=&#8221;default&#8221; background_color=&#8221;RGBA(255,255,255,0)&#8221; background_enable_image=&#8221;off&#8221; min_height=&#8221;333.9px&#8221; custom_padding=&#8221;10vw||0px||false|false&#8221; global_colors_info=&#8221;{}&#8221;][et_pb_row _builder_version=&#8221;4.16&#8243; _module_preset=&#8221;default&#8221; global_colors_info=&#8221;{}&#8221;][et_pb_column type=&#8221;4_4&#8243; _builder_version=&#8221;4.16&#8243; _module_preset=&#8221;default&#8221; global_colors_info=&#8221;{}&#8221;][et_pb_text _builder_version=&#8221;4.27.4&#8243; _module_preset=&#8221;default&#8221; header_font=&#8221;|700|||||||&#8221; header_text_align=&#8221;left&#8221; header_text_color=&#8221;#000000&#8243; header_font_size=&#8221;120px&#8221; header_letter_spacing=&#8221;5px&#8221; header_line_height=&#8221;0.8em&#8221; header_2_font=&#8221;|700|||||||&#8221; header_2_text_color=&#8221;#000000&#8243; header_2_font_size=&#8221;4rem&#8221; max_width=&#8221;520px&#8221; header_font_size_tablet=&#8221;60px&#8221; header_font_size_phone=&#8221;40px&#8221; header_font_size_last_edited=&#8221;on|phone&#8221; global_colors_info=&#8221;{}&#8221;]<\/p>\n<h2>Workshops: inscri\u00e7\u00f5es<\/h2>\n<p>[\/et_pb_text][\/et_pb_column][\/et_pb_row][et_pb_row _builder_version=&#8221;4.27.4&#8243; _module_preset=&#8221;default&#8221; global_colors_info=&#8221;{}&#8221;][et_pb_column type=&#8221;4_4&#8243; _builder_version=&#8221;4.27.4&#8243; _module_preset=&#8221;default&#8221; global_colors_info=&#8221;{}&#8221;][et_pb_text _builder_version=&#8221;4.27.4&#8243; _module_preset=&#8221;default&#8221; global_colors_info=&#8221;{}&#8221;]<\/p>\n<p><span>A sua participa\u00e7\u00e3o dever\u00e1 ser validada no local at\u00e9 10 minutos antes do in\u00edcio da atividade.\u00a0<\/span>A n\u00e3o valida\u00e7\u00e3o ou n\u00e3o presen\u00e7a at\u00e9 \u00e0 hora de in\u00edcio da iniciativa lever\u00e1 \u00e0 anula\u00e7\u00e3o da inscri\u00e7\u00e3o.\u00a0<\/p>\n<p>[\/et_pb_text][\/et_pb_column][\/et_pb_row][\/et_pb_section][et_pb_section fb_built=&#8221;1&#8243; _builder_version=&#8221;4.27.4&#8243; _module_preset=&#8221;default&#8221; global_colors_info=&#8221;{}&#8221;][et_pb_row _builder_version=&#8221;4.27.4&#8243; _module_preset=&#8221;default&#8221; global_colors_info=&#8221;{}&#8221;][et_pb_column type=&#8221;4_4&#8243; _builder_version=&#8221;4.27.4&#8243; _module_preset=&#8221;default&#8221; global_colors_info=&#8221;{}&#8221;][et_pb_contact_form captcha=&#8221;off&#8221; email=&#8221;inscricoes@vinhosnocastelo.pt&#8221; title=&#8221;Formul\u00e1rio de inscri\u00e7\u00e3o&#8221; success_message=&#8221;Obrigado! A sua participa\u00e7\u00e3o dever\u00e1 ser validada no local at\u00e9 10 minutos antes do in\u00edcio da atividade. A n\u00e3o valida\u00e7\u00e3o ou n\u00e3o presen\u00e7a at\u00e9 \u00e0 hora de in\u00edcio da iniciativa lever\u00e1 \u00e0 anula\u00e7\u00e3o da inscri\u00e7\u00e3o. &#8221; submit_button_text=&#8221;Submeter&#8221; _builder_version=&#8221;4.27.4&#8243; _module_preset=&#8221;default&#8221; hover_enabled=&#8221;0&#8243; global_colors_info=&#8221;{}&#8221; sticky_enabled=&#8221;0&#8243;][et_pb_contact_field field_id=&#8221;nome&#8221; field_title=&#8221;Nome&#8221; _builder_version=&#8221;4.27.4&#8243; global_colors_info=&#8221;{}&#8221; button_text_size__hover_enabled=&#8221;off&#8221; button_one_text_size__hover_enabled=&#8221;off&#8221; button_two_text_size__hover_enabled=&#8221;off&#8221; button_text_color__hover_enabled=&#8221;off&#8221; button_one_text_color__hover_enabled=&#8221;off&#8221; button_two_text_color__hover_enabled=&#8221;off&#8221; button_border_width__hover_enabled=&#8221;off&#8221; button_one_border_width__hover_enabled=&#8221;off&#8221; button_two_border_width__hover_enabled=&#8221;off&#8221; button_border_color__hover_enabled=&#8221;off&#8221; button_one_border_color__hover_enabled=&#8221;off&#8221; button_two_border_color__hover_enabled=&#8221;off&#8221; button_border_radius__hover_enabled=&#8221;off&#8221; button_one_border_radius__hover_enabled=&#8221;off&#8221; button_two_border_radius__hover_enabled=&#8221;off&#8221; button_letter_spacing__hover_enabled=&#8221;off&#8221; button_one_letter_spacing__hover_enabled=&#8221;off&#8221; button_two_letter_spacing__hover_enabled=&#8221;off&#8221; button_bg_color__hover_enabled=&#8221;off&#8221; button_one_bg_color__hover_enabled=&#8221;off&#8221; button_two_bg_color__hover_enabled=&#8221;off&#8221;][\/et_pb_contact_field][et_pb_contact_field field_id=&#8221;E-mail&#8221; field_title=&#8221;E-mail&#8221; field_type=&#8221;email&#8221; _builder_version=&#8221;4.27.4&#8243; global_colors_info=&#8221;{}&#8221; button_text_size__hover_enabled=&#8221;off&#8221; button_one_text_size__hover_enabled=&#8221;off&#8221; button_two_text_size__hover_enabled=&#8221;off&#8221; button_text_color__hover_enabled=&#8221;off&#8221; button_one_text_color__hover_enabled=&#8221;off&#8221; button_two_text_color__hover_enabled=&#8221;off&#8221; button_border_width__hover_enabled=&#8221;off&#8221; button_one_border_width__hover_enabled=&#8221;off&#8221; button_two_border_width__hover_enabled=&#8221;off&#8221; button_border_color__hover_enabled=&#8221;off&#8221; button_one_border_color__hover_enabled=&#8221;off&#8221; button_two_border_color__hover_enabled=&#8221;off&#8221; button_border_radius__hover_enabled=&#8221;off&#8221; button_one_border_radius__hover_enabled=&#8221;off&#8221; button_two_border_radius__hover_enabled=&#8221;off&#8221; button_letter_spacing__hover_enabled=&#8221;off&#8221; button_one_letter_spacing__hover_enabled=&#8221;off&#8221; button_two_letter_spacing__hover_enabled=&#8221;off&#8221; button_bg_color__hover_enabled=&#8221;off&#8221; button_one_bg_color__hover_enabled=&#8221;off&#8221; button_two_bg_color__hover_enabled=&#8221;off&#8221;][\/et_pb_contact_field][et_pb_contact_field field_id=&#8221;Idade&#8221; field_title=&#8221;Idade&#8221; min_length=&#8221;2&#8243; max_length=&#8221;2&#8243; allowed_symbols=&#8221;numbers&#8221; _builder_version=&#8221;4.27.4&#8243; _module_preset=&#8221;default&#8221; global_colors_info=&#8221;{}&#8221;][\/et_pb_contact_field][et_pb_contact_field field_id=&#8221;localidade&#8221; field_title=&#8221;Localidade&#8221; _builder_version=&#8221;4.27.4&#8243; _module_preset=&#8221;default&#8221; global_colors_info=&#8221;{}&#8221;][\/et_pb_contact_field][et_pb_contact_field _builder_version=&#8221;4.27.4&#8243; _module_preset=&#8221;default&#8221; field_id=&#8221;telemovel&#8221; field_title=&#8221;Telem\u00f3vel&#8221; min_length=&#8221;9&#8243; max_length=&#8221;9&#8243; allowed_symbols=&#8221;numbers&#8221; hover_enabled=&#8221;0&#8243; sticky_enabled=&#8221;0&#8243;][\/et_pb_contact_field][et_pb_contact_field field_id=&#8221;workshops&#8221; field_title=&#8221;Workshops&#8221; field_type=&#8221;checkbox&#8221; checkbox_options=&#8221;%91{%22value%22:%22Sex 9 Maio, 19h00 \u2013 Prova comentada de Cavas e presunto de Almendralejo%22,%22checked%22:0,%22dragID%22:-1},{%22value%22:%22Sex 9 Maio, 20h30 \u2013 Sess\u00e3o de harmoniza\u00e7\u00e3o: Vinhos Brancos de Serpa e Queijo de Serpa%22,%22checked%22:0,%22dragID%22:0},{%22value%22:%22S\u00e1b 10 Maio, 20h30 \u2013 Prova de Vinhos da Regi\u00e3o Demarcada do Douro%22,%22checked%22:0,%22dragID%22:1}%93&#8243; fullwidth_field=&#8221;on&#8221; _builder_version=&#8221;4.27.4&#8243; _module_preset=&#8221;default&#8221; global_colors_info=&#8221;{}&#8221;][\/et_pb_contact_field][\/et_pb_contact_form][\/et_pb_column][\/et_pb_row][\/et_pb_section]<\/p>\n","protected":false},"excerpt":{"rendered":"<p>Workshops: inscri\u00e7\u00f5esA sua participa\u00e7\u00e3o dever\u00e1 ser validada no local at\u00e9 10 minutos antes do in\u00edcio da atividade.\u00a0A n\u00e3o valida\u00e7\u00e3o ou n\u00e3o presen\u00e7a at\u00e9 \u00e0 hora de in\u00edcio da iniciativa lever\u00e1 \u00e0 anula\u00e7\u00e3o da inscri\u00e7\u00e3o.\u00a0<\/p>\n","protected":false},"author":1,"featured_media":0,"parent":0,"menu_order":0,"comment_status":"closed","ping_status":"closed","template":"","meta":{"_et_pb_use_builder":"on","_et_pb_old_content":"","_et_gb_content_width":"","footnotes":""},"class_list":["post-240","page","type-page","status-publish","hentry"],"_links":{"self":[{"href":"http:\/\/vinhosnocastelo.pt\/site\/index.php\/wp-json\/wp\/v2\/pages\/240","targetHints":{"allow":["GET"]}}],"collection":[{"href":"http:\/\/vinhosnocastelo.pt\/site\/index.php\/wp-json\/wp\/v2\/pages"}],"about":[{"href":"http:\/\/vinhosnocastelo.pt\/site\/index.php\/wp-json\/wp\/v2\/types\/page"}],"author":[{"embeddable":true,"href":"http:\/\/vinhosnocastelo.pt\/site\/index.php\/wp-json\/wp\/v2\/users\/1"}],"replies":[{"embeddable":true,"href":"http:\/\/vinhosnocastelo.pt\/site\/index.php\/wp-json\/wp\/v2\/comments?post=240"}],"version-history":[{"count":35,"href":"http:\/\/vinhosnocastelo.pt\/site\/index.php\/wp-json\/wp\/v2\/pages\/240\/revisions"}],"predecessor-version":[{"id":383,"href":"http:\/\/vinhosnocastelo.pt\/site\/index.php\/wp-json\/wp\/v2\/pages\/240\/revisions\/383"}],"wp:attachment":[{"href":"http:\/\/vinhosnocastelo.pt\/site\/index.php\/wp-json\/wp\/v2\/media?parent=240"}],"curies":[{"name":"wp","href":"https:\/\/api.w.org\/{rel}","templated":true}]}}